{"id":89,"date":"2025-09-26T23:28:54","date_gmt":"2025-09-26T23:28:54","guid":{"rendered":"https:\/\/lismellow.com.br\/novo\/index.php\/services\/"},"modified":"2026-01-08T02:27:22","modified_gmt":"2026-01-08T02:27:22","slug":"sorvetes-soft","status":"publish","type":"page","link":"https:\/\/lismellow.com.br\/novo\/?page_id=89","title":{"rendered":"Cat\u00e1lago de Produtos"},"content":{"rendered":"\n\n\n\n\n<h2>Cat\u00e1logo de Produtos Lismellow<\/h2>\n\n\n\n<p>A Lismellow re\u00fane um portf\u00f3lio completo de solu\u00e7\u00f5es para sorveterias, a\u00e7a\u00edterias e pontos de venda que buscam qualidade, padroniza\u00e7\u00e3o e alta rentabilidade. Trabalhamos com marcas reconhecidas e produtos selecionados para atender desde opera\u00e7\u00f5es enxutas at\u00e9 neg\u00f3cios que exigem alto desempenho e variedade.<br>No nosso cat\u00e1logo voc\u00ea encontra o p\u00f3 para preparo de soft (sorvete expresso) Brigatta, refer\u00eancia em cremosidade e rendimento; as casquinhas Marvi, que unem croc\u00e2ncia e resist\u00eancia para valorizar cada venda; o a\u00e7a\u00ed dispon\u00edvel em caixas de 10 litros e potes de 500 ml, ideal para consumo, delivery e montagem de bowls; al\u00e9m dos insumos premium como creme de avel\u00e3 e leitinho Vabene 4 kg, perfeitos para elevar o padr\u00e3o de sabor e acabamento. Garanta um mix completo, eficiente e atrativo para conquistar seus clientes e ampliar seus resultados.<\/p>\n\n\n\n\n\n\n\n<h2>Bases Concentradas para Alta Rentabilidade e Zero Desperd\u00edcio.<\/h2>\n\n\n\n\n\n\n<strong>SORVETES PLUS 1 LITRO<\/strong>\n\n\n\n061 &#8211; SOFT MARACUJ\u00c1 AO LEITE<br>PR\u00c9 MISTURA LACTEA EM P\u00d3<br>26,00\n\n\n\n002 &#8211; Sorvete de abacaxi<br>Sorvete de abacaxi com peda\u00e7os da fruta<br>20,00\n\n\n\n014 &#8211; Sorvete de banana flambada<br>Sorvete de banana flambada com peda\u00e7os da fruta<br>15,00\n\n\n\n012 &#8211; Sorvete de baunilha<br>Sorvete com aroma de baunilha<br>20,00\n\n\n\n010 &#8211; Sorvete de chocolate<br>Sorvete com aroma de chocolate.<br>18,00\n\n\n\n004 &#8211; Sorvete de coco<br>Sorvete de coco com peda\u00e7os da fruta<br>20,00\n\n\n\n008 &#8211; Sorvete de creme<br>Sorvete com aroma de creme<br>15,00\n\n\n\n007 &#8211; Sorvete de doce de leite<br>Sorvete de com aroma de doce de leite.<br>18,00\n\n\n\n003 &#8211; Sorvete de flocos<br>Sorvete com aroma nata e peda\u00e7os de chocolate<br>20,00\n\n\n\n009 &#8211; Sorvete de leite condensado<br>Sorvete com aroma de leite condensado<br>15,00\n\n\n\n015 &#8211; Sorvete de milho verde<br>Sorvete com aroma de milho verde<br>15,00\n\n\n\n001 &#8211; Sorvete de morango<br>Sorvete de morango com peda\u00e7os da fruta<br>20,00\n\n\n\n006 &#8211; Sorvete de mousse de maracuj\u00e1<br>Sorvete de mousse com calda de maracuj\u00e1<br>18,00\n\n\n\n005 &#8211; Sorvete de ninho<br>Sorvete sabor ninho<br>20,00\n\n\n\n016 &#8211; Sorvete de passas ao rum<br>Sorvete de creme ao rum com uva passas<br>18,00\n\n\n\n\n\n\n\n<strong>SORVETES ESPECIAIS 1 LITRO<\/strong>\n\n\n\n018 &#8211; Sorvete de chocolate meio amargo<br>Sorvete feito com cacau puro Super Black<br>40,00\n\n\n\n020 &#8211; Sorvete de creme de Ninho<br>Sorvete feito com leite condensado e leite em p\u00f3 (n\u00e3o cont\u00e9m aroma)<br>25,00\n\n\n\n019 &#8211; Sorvete de Ferrero Rocher<br>Sorvete feito com cacau italiano, creme de castanha e peda\u00e7os de avel\u00e3<br>25,00\n\n\n\n017 &#8211; Sorvete de Nutella<br>Sorvete feito com Nutella pura (n\u00e3o cont\u00e9m aroma)<br>25,00\n\n\n\n\n\n<strong>SORVETES VEGANO 1 LITRO<\/strong>\n\n\n\n039 &#8211; Sorvete Vegano de Frutas Vermelhas<br>Sorvete de morango, amora e framboesa; natural e n\u00e3o cont\u00e9m aroma, leite e corante<br>25,00\n\n\n\n041 &#8211; Sorvete Vegano de Manga<br>Sorvete de manga natural, e n\u00e3o cont\u00e9m aroma, leite e corante<br>25,00\n\n\n\n040 &#8211; Sorvete Vegano de Morango<br>Sorvete de morango natural, e n\u00e3o cont\u00e9m aroma, leite e corante<br>25,00\n\n\n\n\n\n\n\n<strong>SORVETES PREMIUM 1 LITRO<\/strong>\n\n\n\n033 &#8211; Sorvete Branca de Neve<br>Sorvete sabor chocolate branco, com castanha e creme de chocolate branco<br>18,00\n\n\n\n035 &#8211; Sorvete cookies<br>Sorvete sabor cookies, com peda\u00e7os de cookies<br>18,00\n\n\n\n019 &#8211; Sorvete de Ferrero Rocher<br>Sorvete feito com cacau italiano, creme de castanha e peda\u00e7os de avel\u00e3<br>25,00\n\n\n\n030 &#8211; Sorvete Creme de Valsa<br>Sorvete sabor baunilha, mesclado com creme de chocolate com castanha e peda\u00e7os de waffer<br>17,99\n\n\n\n025 &#8211; Sorvete de biscoito<br>Sorvete sabor biscoito, mesclado com creme de chocolate e waffer<br>18,00\n\n\n\n031 &#8211; Sorvete de castanha<br>Sorvete sabor castanha, com peda\u00e7os de castanhas<br>18,00\n\n\n\n029 &#8211; Sorvete de chocolate crocante<br>Sorvete sabor chocolate com flocos de malte<br>18,00\n\n\n\n022 &#8211; Sorvete de Danoninho<br>Sorvete sabor morango e iogurte<br>Consultar\n\n\n\n024 &#8211; Sorvete de frutas vermelhas<br>Sorvete sabor frutas vermelhas, mesclado com gel\u00e9ia de frutas vermelhas<br>15,99\n\n\n\n037 &#8211; Sorvete de Iogurte Grego c\/ Frutas Vermelhas<br>Sorvete sabor iogurte grego, mesclado com geleia de frutas vermelhas<br>18,00\n\n\n\n036 &#8211; Sorvete de Iogurte Grego c\/ Maracuj\u00e1<br>Sorvete sabor iogurte grego, mesclado com calda de maracuj\u00e1 natural<br>18,00\n\n\n\n028 &#8211; Sorvete de Morango com Ninho<br>Sorvete sabor morango com creme de ninho<br>18,00\n\n\n\n021 &#8211; Sorvete de Ninho trufado<br>Sorvete sabor ninho mesclado com TRUFAS PREMIUM CHOCOLATE<br>18,00\n\n\n\n023 &#8211; Sorvete de Ovomaltine<br>Sorvete sabor chocolate mesclado com creme de chocolate com malte e morango<br>18,00\n\n\n\n027 &#8211; Sorvete de pa\u00e7oca<br>Sorvete sabor pa\u00e7oca, mesclado com creme de amendoim e pa\u00e7oca<br>18,00\n\n\n\n034 &#8211; Sorvete de P\u00e1lia Italiana<br>Sorvete sabor baunilha, com creme de chocolate e biscoito\n\n\n\n026 &#8211; Sorvete napolitano<br>Sorvete sabor creme, chocolate e morango<br>Consultar\n\n\n\n032 &#8211; Sorvete \u00d3reo<br>Sorvete sabor nata, com biscoitos \u00f3reo<br>18,00\n\n\n\n\n\n\n<h2><\/h2>\n\n\n\n\n\n<figure class=\"wp-block-gallery has-nested-images columns-default is-cropped wp-block-gallery-1 is-layout-flex wp-block-gallery-is-layout-flex\">\n<figure class=\"wp-block-image size-large\"><img loading=\"lazy\" decoding=\"async\" width=\"683\" height=\"1024\" data-id=\"233\" src=\"https:\/\/lismellow.com.br\/novo\/wp-content\/uploads\/2025\/09\/Lismellow-sorvetes-acai-frozen-iourgute-belo-horizonte-mg6-683x1024.png\" alt=\"\" class=\"wp-image-233\" srcset=\"https:\/\/lismellow.com.br\/novo\/wp-content\/uploads\/2025\/09\/Lismellow-sorvetes-acai-frozen-iourgute-belo-horizonte-mg6-683x1024.png 683w, https:\/\/lismellow.com.br\/novo\/wp-content\/uploads\/2025\/09\/Lismellow-sorvetes-acai-frozen-iourgute-belo-horizonte-mg6-200x300.png 200w, https:\/\/lismellow.com.br\/novo\/wp-content\/uploads\/2025\/09\/Lismellow-sorvetes-acai-frozen-iourgute-belo-horizonte-mg6-768x1152.png 768w, https:\/\/lismellow.com.br\/novo\/wp-content\/uploads\/2025\/09\/Lismellow-sorvetes-acai-frozen-iourgute-belo-horizonte-mg6.png 1024w\" sizes=\"auto, (max-width: 683px) 100vw, 683px\" \/><\/figure>\n\n\n\n<figure class=\"wp-block-image size-large\"><img loading=\"lazy\" decoding=\"async\" width=\"683\" height=\"1024\" data-id=\"231\" src=\"https:\/\/lismellow.com.br\/novo\/wp-content\/uploads\/2025\/09\/Lismellow-sorvetes-acai-frozen-iourgute-belo-horizonte-mg4-683x1024.png\" alt=\"\" class=\"wp-image-231\" srcset=\"https:\/\/lismellow.com.br\/novo\/wp-content\/uploads\/2025\/09\/Lismellow-sorvetes-acai-frozen-iourgute-belo-horizonte-mg4-683x1024.png 683w, https:\/\/lismellow.com.br\/novo\/wp-content\/uploads\/2025\/09\/Lismellow-sorvetes-acai-frozen-iourgute-belo-horizonte-mg4-200x300.png 200w, https:\/\/lismellow.com.br\/novo\/wp-content\/uploads\/2025\/09\/Lismellow-sorvetes-acai-frozen-iourgute-belo-horizonte-mg4-768x1152.png 768w, https:\/\/lismellow.com.br\/novo\/wp-content\/uploads\/2025\/09\/Lismellow-sorvetes-acai-frozen-iourgute-belo-horizonte-mg4.png 1024w\" sizes=\"auto, (max-width: 683px) 100vw, 683px\" \/><\/figure>\n\n\n\n<figure class=\"wp-block-image size-large\"><img loading=\"lazy\" decoding=\"async\" width=\"1024\" height=\"683\" data-id=\"174\" src=\"https:\/\/lismellow.com.br\/novo\/wp-content\/uploads\/2025\/09\/lismellow-fabrica-de-sorvete-1024x683.png\" alt=\"\" class=\"wp-image-174\" srcset=\"https:\/\/lismellow.com.br\/novo\/wp-content\/uploads\/2025\/09\/lismellow-fabrica-de-sorvete-1024x683.png 1024w, https:\/\/lismellow.com.br\/novo\/wp-content\/uploads\/2025\/09\/lismellow-fabrica-de-sorvete-300x200.png 300w, https:\/\/lismellow.com.br\/novo\/wp-content\/uploads\/2025\/09\/lismellow-fabrica-de-sorvete-768x512.png 768w, https:\/\/lismellow.com.br\/novo\/wp-content\/uploads\/2025\/09\/lismellow-fabrica-de-sorvete.png 1536w\" sizes=\"auto, (max-width: 1024px) 100vw, 1024px\" \/><\/figure>\n\n\n\n<figure class=\"wp-block-image size-large\"><img loading=\"lazy\" decoding=\"async\" width=\"683\" height=\"1024\" data-id=\"228\" src=\"https:\/\/lismellow.com.br\/novo\/wp-content\/uploads\/2025\/09\/Lismellow-sorvetes-acai-frozen-iourgute-belo-horizonte-3mg-683x1024.png\" alt=\"Sorvete soft de baunilha perfeito em casquinha crocante.\" class=\"wp-image-228\" srcset=\"https:\/\/lismellow.com.br\/novo\/wp-content\/uploads\/2025\/09\/Lismellow-sorvetes-acai-frozen-iourgute-belo-horizonte-3mg-683x1024.png 683w, https:\/\/lismellow.com.br\/novo\/wp-content\/uploads\/2025\/09\/Lismellow-sorvetes-acai-frozen-iourgute-belo-horizonte-3mg-200x300.png 200w, https:\/\/lismellow.com.br\/novo\/wp-content\/uploads\/2025\/09\/Lismellow-sorvetes-acai-frozen-iourgute-belo-horizonte-3mg-768x1152.png 768w, https:\/\/lismellow.com.br\/novo\/wp-content\/uploads\/2025\/09\/Lismellow-sorvetes-acai-frozen-iourgute-belo-horizonte-3mg.png 1024w\" sizes=\"auto, (max-width: 683px) 100vw, 683px\" \/><figcaption class=\"wp-element-caption\">Sorvete soft de baunilha servido na casquinha crocante.<\/figcaption><\/figure>\n\n\n\n<figure class=\"wp-block-image size-large\"><img loading=\"lazy\" decoding=\"async\" width=\"1024\" height=\"683\" data-id=\"165\" src=\"https:\/\/lismellow.com.br\/novo\/wp-content\/uploads\/2025\/09\/slide-lismellow-fabrica-de-sorvete-inumos-produtos-bh-1024x683.png\" alt=\"\" class=\"wp-image-165\" srcset=\"https:\/\/lismellow.com.br\/novo\/wp-content\/uploads\/2025\/09\/slide-lismellow-fabrica-de-sorvete-inumos-produtos-bh-1024x683.png 1024w, https:\/\/lismellow.com.br\/novo\/wp-content\/uploads\/2025\/09\/slide-lismellow-fabrica-de-sorvete-inumos-produtos-bh-300x200.png 300w, https:\/\/lismellow.com.br\/novo\/wp-content\/uploads\/2025\/09\/slide-lismellow-fabrica-de-sorvete-inumos-produtos-bh-768x512.png 768w, https:\/\/lismellow.com.br\/novo\/wp-content\/uploads\/2025\/09\/slide-lismellow-fabrica-de-sorvete-inumos-produtos-bh.png 1536w\" sizes=\"auto, (max-width: 1024px) 100vw, 1024px\" \/><\/figure>\n\n\n\n<figure class=\"wp-block-image size-large\"><img loading=\"lazy\" decoding=\"async\" width=\"683\" height=\"1024\" data-id=\"229\" src=\"https:\/\/lismellow.com.br\/novo\/wp-content\/uploads\/2025\/09\/Lismellow-sorvetes-acai-frozen-iourgute-belo-horizonte-mg-683x1024.png\" alt=\"Frozen yogurt cremoso com cobertura de calda.\" class=\"wp-image-229\" srcset=\"https:\/\/lismellow.com.br\/novo\/wp-content\/uploads\/2025\/09\/Lismellow-sorvetes-acai-frozen-iourgute-belo-horizonte-mg-683x1024.png 683w, https:\/\/lismellow.com.br\/novo\/wp-content\/uploads\/2025\/09\/Lismellow-sorvetes-acai-frozen-iourgute-belo-horizonte-mg-200x300.png 200w, https:\/\/lismellow.com.br\/novo\/wp-content\/uploads\/2025\/09\/Lismellow-sorvetes-acai-frozen-iourgute-belo-horizonte-mg-768x1152.png 768w, https:\/\/lismellow.com.br\/novo\/wp-content\/uploads\/2025\/09\/Lismellow-sorvetes-acai-frozen-iourgute-belo-horizonte-mg.png 1024w\" sizes=\"auto, (max-width: 683px) 100vw, 683px\" \/><figcaption class=\"wp-element-caption\">Frozen yogurt com cobertura deliciosa de calda.<\/figcaption><\/figure>\n<\/figure>\n","protected":false},"excerpt":{"rendered":"","protected":false},"author":1,"featured_media":0,"parent":0,"menu_order":0,"comment_status":"closed","ping_status":"closed","template":"","meta":{"pagelayer_contact_templates":[],"_pagelayer_content":"","_joinchat":[],"footnotes":""},"class_list":["post-89","page","type-page","status-publish","hentry"],"yoast_head":"<!-- This site is optimized with the Yoast SEO plugin v26.0 - https:\/\/yoast.com\/wordpress\/plugins\/seo\/ -->\n<title>Cat\u00e1lago de Produtos - Lismellow \u2013 Sorvetes, A\u00e7a\u00ed e Complementos Direto da F\u00e1brica em Belo Horizonte - MG<\/title>\n<meta name=\"robots\" content=\"index, follow, max-snippet:-1, max-image-preview:large, max-video-preview:-1\" \/>\n<link rel=\"canonical\" href=\"https:\/\/lismellow.com.br\/novo\/?page_id=89\" \/>\n<meta property=\"og:locale\" content=\"pt_BR\" \/>\n<meta property=\"og:type\" content=\"article\" \/>\n<meta property=\"og:title\" content=\"Cat\u00e1lago de Produtos - Lismellow \u2013 Sorvetes, A\u00e7a\u00ed e Complementos Direto da F\u00e1brica em Belo Horizonte - MG\" \/>\n<meta property=\"og:url\" content=\"https:\/\/lismellow.com.br\/novo\/?page_id=89\" \/>\n<meta property=\"og:site_name\" content=\"Lismellow \u2013 Sorvetes, A\u00e7a\u00ed e Complementos Direto da F\u00e1brica em Belo Horizonte - MG\" \/>\n<meta property=\"article:modified_time\" content=\"2026-01-08T02:27:22+00:00\" \/>\n<meta property=\"og:image\" content=\"https:\/\/lismellow.com.br\/novo\/wp-content\/uploads\/2025\/09\/Lismellow-sorvetes-acai-frozen-iourgute-belo-horizonte-mg6-683x1024.png\" \/>\n\t<meta property=\"og:image:width\" content=\"683\" \/>\n\t<meta property=\"og:image:height\" content=\"1024\" \/>\n\t<meta property=\"og:image:type\" content=\"image\/png\" \/>\n<meta name=\"twitter:card\" content=\"summary_large_image\" \/>\n<meta name=\"twitter:label1\" content=\"Est. tempo de leitura\" \/>\n\t<meta name=\"twitter:data1\" content=\"6 minutos\" \/>\n<script type=\"application\/ld+json\" class=\"yoast-schema-graph\">{\"@context\":\"https:\/\/schema.org\",\"@graph\":[{\"@type\":\"WebPage\",\"@id\":\"https:\/\/lismellow.com.br\/novo\/?page_id=89\",\"url\":\"https:\/\/lismellow.com.br\/novo\/?page_id=89\",\"name\":\"Cat\u00e1lago de Produtos - Lismellow \u2013 Sorvetes, A\u00e7a\u00ed e Complementos Direto da F\u00e1brica em Belo Horizonte - MG\",\"isPartOf\":{\"@id\":\"https:\/\/lismellow.com.br\/novo\/#website\"},\"primaryImageOfPage\":{\"@id\":\"https:\/\/lismellow.com.br\/novo\/?page_id=89#primaryimage\"},\"image\":{\"@id\":\"https:\/\/lismellow.com.br\/novo\/?page_id=89#primaryimage\"},\"thumbnailUrl\":\"https:\/\/lismellow.com.br\/novo\/wp-content\/uploads\/2025\/09\/Lismellow-sorvetes-acai-frozen-iourgute-belo-horizonte-mg6-683x1024.png\",\"datePublished\":\"2025-09-26T23:28:54+00:00\",\"dateModified\":\"2026-01-08T02:27:22+00:00\",\"breadcrumb\":{\"@id\":\"https:\/\/lismellow.com.br\/novo\/?page_id=89#breadcrumb\"},\"inLanguage\":\"pt-BR\",\"potentialAction\":[{\"@type\":\"ReadAction\",\"target\":[\"https:\/\/lismellow.com.br\/novo\/?page_id=89\"]}]},{\"@type\":\"ImageObject\",\"inLanguage\":\"pt-BR\",\"@id\":\"https:\/\/lismellow.com.br\/novo\/?page_id=89#primaryimage\",\"url\":\"https:\/\/lismellow.com.br\/novo\/wp-content\/uploads\/2025\/09\/Lismellow-sorvetes-acai-frozen-iourgute-belo-horizonte-mg6.png\",\"contentUrl\":\"https:\/\/lismellow.com.br\/novo\/wp-content\/uploads\/2025\/09\/Lismellow-sorvetes-acai-frozen-iourgute-belo-horizonte-mg6.png\",\"width\":1024,\"height\":1536},{\"@type\":\"BreadcrumbList\",\"@id\":\"https:\/\/lismellow.com.br\/novo\/?page_id=89#breadcrumb\",\"itemListElement\":[{\"@type\":\"ListItem\",\"position\":1,\"name\":\"In\u00edcio\",\"item\":\"https:\/\/lismellow.com.br\/novo\/\"},{\"@type\":\"ListItem\",\"position\":2,\"name\":\"Cat\u00e1lago de Produtos\"}]},{\"@type\":\"WebSite\",\"@id\":\"https:\/\/lismellow.com.br\/novo\/#website\",\"url\":\"https:\/\/lismellow.com.br\/novo\/\",\"name\":\"Lismellow \u2013 Sorvetes, A\u00e7a\u00ed e Complementos Direto da F\u00e1brica em Belo Horizonte - MG\",\"description\":\"Lismellow: sorvetes soft, a\u00e7a\u00ed e frozen yogurt direto da f\u00e1brica em Belo Horizonte. Produtos de qualidade para sorveterias e a\u00e7aiterias em MG.\",\"potentialAction\":[{\"@type\":\"SearchAction\",\"target\":{\"@type\":\"EntryPoint\",\"urlTemplate\":\"https:\/\/lismellow.com.br\/novo\/?s={search_term_string}\"},\"query-input\":{\"@type\":\"PropertyValueSpecification\",\"valueRequired\":true,\"valueName\":\"search_term_string\"}}],\"inLanguage\":\"pt-BR\"}]}<\/script>\n<!-- \/ Yoast SEO plugin. -->","yoast_head_json":{"title":"Cat\u00e1lago de Produtos - Lismellow \u2013 Sorvetes, A\u00e7a\u00ed e Complementos Direto da F\u00e1brica em Belo Horizonte - MG","robots":{"index":"index","follow":"follow","max-snippet":"max-snippet:-1","max-image-preview":"max-image-preview:large","max-video-preview":"max-video-preview:-1"},"canonical":"https:\/\/lismellow.com.br\/novo\/?page_id=89","og_locale":"pt_BR","og_type":"article","og_title":"Cat\u00e1lago de Produtos - Lismellow \u2013 Sorvetes, A\u00e7a\u00ed e Complementos Direto da F\u00e1brica em Belo Horizonte - MG","og_url":"https:\/\/lismellow.com.br\/novo\/?page_id=89","og_site_name":"Lismellow \u2013 Sorvetes, A\u00e7a\u00ed e Complementos Direto da F\u00e1brica em Belo Horizonte - MG","article_modified_time":"2026-01-08T02:27:22+00:00","og_image":[{"width":683,"height":1024,"url":"https:\/\/lismellow.com.br\/novo\/wp-content\/uploads\/2025\/09\/Lismellow-sorvetes-acai-frozen-iourgute-belo-horizonte-mg6-683x1024.png","type":"image\/png"}],"twitter_card":"summary_large_image","twitter_misc":{"Est. tempo de leitura":"6 minutos"},"schema":{"@context":"https:\/\/schema.org","@graph":[{"@type":"WebPage","@id":"https:\/\/lismellow.com.br\/novo\/?page_id=89","url":"https:\/\/lismellow.com.br\/novo\/?page_id=89","name":"Cat\u00e1lago de Produtos - Lismellow \u2013 Sorvetes, A\u00e7a\u00ed e Complementos Direto da F\u00e1brica em Belo Horizonte - MG","isPartOf":{"@id":"https:\/\/lismellow.com.br\/novo\/#website"},"primaryImageOfPage":{"@id":"https:\/\/lismellow.com.br\/novo\/?page_id=89#primaryimage"},"image":{"@id":"https:\/\/lismellow.com.br\/novo\/?page_id=89#primaryimage"},"thumbnailUrl":"https:\/\/lismellow.com.br\/novo\/wp-content\/uploads\/2025\/09\/Lismellow-sorvetes-acai-frozen-iourgute-belo-horizonte-mg6-683x1024.png","datePublished":"2025-09-26T23:28:54+00:00","dateModified":"2026-01-08T02:27:22+00:00","breadcrumb":{"@id":"https:\/\/lismellow.com.br\/novo\/?page_id=89#breadcrumb"},"inLanguage":"pt-BR","potentialAction":[{"@type":"ReadAction","target":["https:\/\/lismellow.com.br\/novo\/?page_id=89"]}]},{"@type":"ImageObject","inLanguage":"pt-BR","@id":"https:\/\/lismellow.com.br\/novo\/?page_id=89#primaryimage","url":"https:\/\/lismellow.com.br\/novo\/wp-content\/uploads\/2025\/09\/Lismellow-sorvetes-acai-frozen-iourgute-belo-horizonte-mg6.png","contentUrl":"https:\/\/lismellow.com.br\/novo\/wp-content\/uploads\/2025\/09\/Lismellow-sorvetes-acai-frozen-iourgute-belo-horizonte-mg6.png","width":1024,"height":1536},{"@type":"BreadcrumbList","@id":"https:\/\/lismellow.com.br\/novo\/?page_id=89#breadcrumb","itemListElement":[{"@type":"ListItem","position":1,"name":"In\u00edcio","item":"https:\/\/lismellow.com.br\/novo\/"},{"@type":"ListItem","position":2,"name":"Cat\u00e1lago de Produtos"}]},{"@type":"WebSite","@id":"https:\/\/lismellow.com.br\/novo\/#website","url":"https:\/\/lismellow.com.br\/novo\/","name":"Lismellow \u2013 Sorvetes, A\u00e7a\u00ed e Complementos Direto da F\u00e1brica em Belo Horizonte - MG","description":"Lismellow: sorvetes soft, a\u00e7a\u00ed e frozen yogurt direto da f\u00e1brica em Belo Horizonte. Produtos de qualidade para sorveterias e a\u00e7aiterias em MG.","potentialAction":[{"@type":"SearchAction","target":{"@type":"EntryPoint","urlTemplate":"https:\/\/lismellow.com.br\/novo\/?s={search_term_string}"},"query-input":{"@type":"PropertyValueSpecification","valueRequired":true,"valueName":"search_term_string"}}],"inLanguage":"pt-BR"}]}},"_links":{"self":[{"href":"https:\/\/lismellow.com.br\/novo\/index.php?rest_route=\/wp\/v2\/pages\/89","targetHints":{"allow":["GET"]}}],"collection":[{"href":"https:\/\/lismellow.com.br\/novo\/index.php?rest_route=\/wp\/v2\/pages"}],"about":[{"href":"https:\/\/lismellow.com.br\/novo\/index.php?rest_route=\/wp\/v2\/types\/page"}],"author":[{"embeddable":true,"href":"https:\/\/lismellow.com.br\/novo\/index.php?rest_route=\/wp\/v2\/users\/1"}],"replies":[{"embeddable":true,"href":"https:\/\/lismellow.com.br\/novo\/index.php?rest_route=%2Fwp%2Fv2%2Fcomments&post=89"}],"version-history":[{"count":10,"href":"https:\/\/lismellow.com.br\/novo\/index.php?rest_route=\/wp\/v2\/pages\/89\/revisions"}],"predecessor-version":[{"id":272,"href":"https:\/\/lismellow.com.br\/novo\/index.php?rest_route=\/wp\/v2\/pages\/89\/revisions\/272"}],"wp:attachment":[{"href":"https:\/\/lismellow.com.br\/novo\/index.php?rest_route=%2Fwp%2Fv2%2Fmedia&parent=89"}],"curies":[{"name":"wp","href":"https:\/\/api.w.org\/{rel}","templated":true}]}}