{"id":2847,"date":"2025-10-29T21:01:57","date_gmt":"2025-10-29T21:01:57","guid":{"rendered":"https:\/\/lismellow.com.br\/loja\/?post_type=product&#038;p=2847"},"modified":"2025-12-01T20:19:21","modified_gmt":"2025-12-01T20:19:21","slug":"cestao-bowl-marvi-300ml-cx-c-288kg","status":"publish","type":"product","link":"https:\/\/lismellow.com.br\/loja\/produto\/cestao-bowl-marvi-300ml-cx-c-288kg\/","title":{"rendered":"Cest\u00e3o Bowl Marvi 300ml cx c\/ 2,88kg"},"content":{"rendered":"<p>O Cest\u00e3o BOWL Marvi \u00e9 a mais deliciosa, exclusiva e sustent\u00e1vel op\u00e7\u00e3o para servir seu sorvete, a\u00e7a\u00ed ou qualquer alimento.<\/p>\n<p>Crocante com sabor adocicado de baunilha \u00e9 a maior cestinha do mercado e substitui de forma sustent\u00e1vel recipientes pl\u00e1sticos ou de isopor.<\/p>\n<p>Al\u00e9m de ser muito saboroso \u00e9 um produto 100% sutentav\u00e9l desenvolvimento para atender demandas de redu\u00e7\u00e3o de pl\u00e1sticos.<\/p>\n","protected":false},"excerpt":{"rendered":"<p>O Cest\u00e3o BOWL Marvi \u00e9 a mais deliciosa, exclusiva e sustent\u00e1vel op\u00e7\u00e3o para servir seu sorvete, a\u00e7a\u00ed ou qualquer alimento. Crocante com sabor adocicado de baunilha \u00e9 a maior cestinha do mercado e substitui de forma sustent\u00e1vel recipientes pl\u00e1sticos ou de isopor. Al\u00e9m de ser muito saboroso \u00e9 um produto 100% sutentav\u00e9l desenvolvimento para atender [&hellip;]<\/p>\n","protected":false},"featured_media":2830,"comment_status":"open","ping_status":"closed","template":"","meta":{"pagelayer_contact_templates":[],"_pagelayer_content":"","_joinchat":[]},"product_brand":[],"product_cat":[198,182],"product_tag":[],"class_list":{"0":"post-2847","1":"product","2":"type-product","3":"status-publish","4":"has-post-thumbnail","6":"product_cat-casquinhas","7":"product_cat-marvi","9":"first","10":"outofstock","11":"shipping-taxable","12":"purchasable","13":"product-type-simple"},"_links":{"self":[{"href":"https:\/\/lismellow.com.br\/loja\/wp-json\/wp\/v2\/product\/2847","targetHints":{"allow":["GET"]}}],"collection":[{"href":"https:\/\/lismellow.com.br\/loja\/wp-json\/wp\/v2\/product"}],"about":[{"href":"https:\/\/lismellow.com.br\/loja\/wp-json\/wp\/v2\/types\/product"}],"replies":[{"embeddable":true,"href":"https:\/\/lismellow.com.br\/loja\/wp-json\/wp\/v2\/comments?post=2847"}],"wp:featuredmedia":[{"embeddable":true,"href":"https:\/\/lismellow.com.br\/loja\/wp-json\/wp\/v2\/media\/2830"}],"wp:attachment":[{"href":"https:\/\/lismellow.com.br\/loja\/wp-json\/wp\/v2\/media?parent=2847"}],"wp:term":[{"taxonomy":"product_brand","embeddable":true,"href":"https:\/\/lismellow.com.br\/loja\/wp-json\/wp\/v2\/product_brand?post=2847"},{"taxonomy":"product_cat","embeddable":true,"href":"https:\/\/lismellow.com.br\/loja\/wp-json\/wp\/v2\/product_cat?post=2847"},{"taxonomy":"product_tag","embeddable":true,"href":"https:\/\/lismellow.com.br\/loja\/wp-json\/wp\/v2\/product_tag?post=2847"}],"curies":[{"name":"wp","href":"https:\/\/api.w.org\/{rel}","templated":true}]}}