{"id":2812,"date":"2025-10-29T20:28:32","date_gmt":"2025-10-29T20:28:32","guid":{"rendered":"https:\/\/lismellow.com.br\/loja\/?post_type=product&#038;p=2812"},"modified":"2025-12-01T20:23:19","modified_gmt":"2025-12-01T20:23:19","slug":"variegato-avela-vabene-4kg","status":"publish","type":"product","link":"https:\/\/lismellow.com.br\/loja\/produto\/variegato-avela-vabene-4kg\/","title":{"rendered":"Variegato Avel\u00e3 Vabene 4kg"},"content":{"rendered":"<p>As Mesclas s\u00e3o indicadas para Sorvetes, Milk Shakes, recheio para picol\u00e9s e paletas. Compostas por ingredientes ricos, se apresentam com uma textura macia, de sabor marcante e com brilho intenso. Possuem f\u00e1cil aplica\u00e7\u00e3o e n\u00e3o criam bolhas.<\/p>\n<p>Aviso Importante:<br \/>\nPode haver separa\u00e7\u00e3o de fases entre \u00f3leo e s\u00f3lidos. Manter a embalagem devidamente fechada e em local seco, fresco e inodoro. Depois de aberto, manter o produto devidamente fechado e consumir em at\u00e9 30 dias. Data de fabrica\u00e7\u00e3o e validade vide tampa.<\/p>\n<p>Modo de Usar:<br \/>\nCom a ajuda de uma esp\u00e1tula seca, misturar bem o conte\u00fado do balde at\u00e9 obter uma pasta homog\u00eanea. Caso necess\u00e1rio, aquecer o produto de 35\u00b0C a 40\u00b0C em banho-maria ou micro-ondas.<\/p>\n<p>Ingredientes:<br \/>\nA\u00e7\u00facar, gordura vegetal, gotas de biscoito sabor chocolate (farinha de trigo enriquecida com ferro e \u00e1cido f\u00f3lico, a\u00e7\u00facar, gordura vegetal, cacau em p\u00f3, sal, corante caramelo III, emulsificante lecitina de soja, fermentos qu\u00edmicos bicarbonato de s\u00f3dio e bicarbonato de am\u00f4nio e aromatizante), leite em p\u00f3, soro de leite em p\u00f3, sal, emulsificantes lecitina de soja e poliglicerol polirricinoleato e aromatizantes.<\/p>\n<p>AL\u00c9RGICOS:<br \/>\nCONT\u00c9M DERIVADOS DE LEITE, TRIGO E SOJA. PODE CONTER AMENDOIM, AM\u00caNDOA, AVEL\u00c3, CASTANHA-DE-CAJU, CASTANHA-DO-PAR\u00c1, AVEIA, CENTEIO E CEVADA. CONT\u00c9M LACTOSE. CONT\u00c9M GL\u00daTEN.<\/p>\n","protected":false},"excerpt":{"rendered":"<p>As Mesclas s\u00e3o indicadas para Sorvetes, Milk Shakes, recheio para picol\u00e9s e paletas. Compostas por ingredientes ricos, se apresentam com uma textura macia, de sabor marcante e com brilho intenso. Possuem f\u00e1cil aplica\u00e7\u00e3o e n\u00e3o criam bolhas. Aviso Importante: Pode haver separa\u00e7\u00e3o de fases entre \u00f3leo e s\u00f3lidos. Manter a embalagem devidamente fechada e em [&hellip;]<\/p>\n","protected":false},"featured_media":2766,"comment_status":"open","ping_status":"closed","template":"","meta":{"pagelayer_contact_templates":[],"_pagelayer_content":"","_joinchat":[]},"product_brand":[],"product_cat":[184,183],"product_tag":[],"class_list":{"0":"post-2812","1":"product","2":"type-product","3":"status-publish","4":"has-post-thumbnail","6":"product_cat-vabene","7":"product_cat-variegatos","9":"first","10":"outofstock","11":"shipping-taxable","12":"purchasable","13":"product-type-simple"},"_links":{"self":[{"href":"https:\/\/lismellow.com.br\/loja\/wp-json\/wp\/v2\/product\/2812","targetHints":{"allow":["GET"]}}],"collection":[{"href":"https:\/\/lismellow.com.br\/loja\/wp-json\/wp\/v2\/product"}],"about":[{"href":"https:\/\/lismellow.com.br\/loja\/wp-json\/wp\/v2\/types\/product"}],"replies":[{"embeddable":true,"href":"https:\/\/lismellow.com.br\/loja\/wp-json\/wp\/v2\/comments?post=2812"}],"wp:featuredmedia":[{"embeddable":true,"href":"https:\/\/lismellow.com.br\/loja\/wp-json\/wp\/v2\/media\/2766"}],"wp:attachment":[{"href":"https:\/\/lismellow.com.br\/loja\/wp-json\/wp\/v2\/media?parent=2812"}],"wp:term":[{"taxonomy":"product_brand","embeddable":true,"href":"https:\/\/lismellow.com.br\/loja\/wp-json\/wp\/v2\/product_brand?post=2812"},{"taxonomy":"product_cat","embeddable":true,"href":"https:\/\/lismellow.com.br\/loja\/wp-json\/wp\/v2\/product_cat?post=2812"},{"taxonomy":"product_tag","embeddable":true,"href":"https:\/\/lismellow.com.br\/loja\/wp-json\/wp\/v2\/product_tag?post=2812"}],"curies":[{"name":"wp","href":"https:\/\/api.w.org\/{rel}","templated":true}]}}