{"id":2586,"date":"2025-10-29T15:43:15","date_gmt":"2025-10-29T15:43:15","guid":{"rendered":"https:\/\/lismellow.com.br\/loja\/?post_type=product&#038;p=2586"},"modified":"2025-12-01T20:47:05","modified_gmt":"2025-12-01T20:47:05","slug":"amendoim-torrado-granulado-vabene-105kg","status":"publish","type":"product","link":"https:\/\/lismellow.com.br\/loja\/produto\/amendoim-torrado-granulado-vabene-105kg\/","title":{"rendered":"Amendoim Torrado Granulado Vabene 1,05kg"},"content":{"rendered":"<p>Amendoins rigorosamente selecionados e totalmente livres de aflatoxina e corpos estranhos. Produto rico em prote\u00ednas, 100% integral, vitaminas, lip\u00eddios, carboidratos e sais minerais. O amendoim \u00e9 uma boa fonte de gordura monoinsaturada, fundamental para um cora\u00e7\u00e3o saud\u00e1vel.<\/p>\n<p>Ideal Para:<br \/>\nAplica\u00e7\u00e3o em buffets de sorvetes e milkshakes e em receitas de confeitaria como recheio, cobertura ou decora\u00e7\u00e3o de bolos, tortas e p\u00e3es. Em chocolateria \u00e9 utilizado como inclus\u00e3o em recheios de chocolates, ovos de P\u00e1scoa, bombons, entre outros.<\/p>\n<p>Informa\u00e7\u00f5es Importantes:<br \/>\nEste produto \u00e9 embalado em atmosfera modificada para preservar suas caracter\u00edsticas de sabor e mant\u00ea-lo crocante. Ainda fechado, manter em local seco e fresco. Depois de aberto, guardar bem fechado em local fresco e seco e consumir em at\u00e9 15 dias.<\/p>\n<p>Ingredientes:<br \/>\nAmendoim.<\/p>\n<p>AL\u00c9RGICOS:<br \/>\nCONT\u00c9M AMENDOIM. PODE CONTER AM\u00caNDOA, AVEL\u00c3, CASTANHA-DE-CAJU, CASTANHA-DO PAR\u00c1, AVEIA, CENTEIO, CEVADA, TRIGO, LEITE E SOJA. CONT\u00c9M GL\u00daTEN.<\/p>\n<p>* Sem colesterol como todo produto de origem vegetal.<\/p>\n","protected":false},"excerpt":{"rendered":"<p>Amendoins rigorosamente selecionados e totalmente livres de aflatoxina e corpos estranhos. Produto rico em prote\u00ednas, 100% integral, vitaminas, lip\u00eddios, carboidratos e sais minerais. O amendoim \u00e9 uma boa fonte de gordura monoinsaturada, fundamental para um cora\u00e7\u00e3o saud\u00e1vel. Ideal Para: Aplica\u00e7\u00e3o em buffets de sorvetes e milkshakes e em receitas de confeitaria como recheio, cobertura ou [&hellip;]<\/p>\n","protected":false},"featured_media":2575,"comment_status":"open","ping_status":"closed","template":"","meta":{"pagelayer_contact_templates":[],"_pagelayer_content":"","_joinchat":[]},"product_brand":[],"product_cat":[186,184],"product_tag":[],"class_list":{"0":"post-2586","1":"product","2":"type-product","3":"status-publish","4":"has-post-thumbnail","6":"product_cat-complementos","7":"product_cat-vabene","9":"first","10":"outofstock","11":"shipping-taxable","12":"purchasable","13":"product-type-simple"},"_links":{"self":[{"href":"https:\/\/lismellow.com.br\/loja\/wp-json\/wp\/v2\/product\/2586","targetHints":{"allow":["GET"]}}],"collection":[{"href":"https:\/\/lismellow.com.br\/loja\/wp-json\/wp\/v2\/product"}],"about":[{"href":"https:\/\/lismellow.com.br\/loja\/wp-json\/wp\/v2\/types\/product"}],"replies":[{"embeddable":true,"href":"https:\/\/lismellow.com.br\/loja\/wp-json\/wp\/v2\/comments?post=2586"}],"wp:featuredmedia":[{"embeddable":true,"href":"https:\/\/lismellow.com.br\/loja\/wp-json\/wp\/v2\/media\/2575"}],"wp:attachment":[{"href":"https:\/\/lismellow.com.br\/loja\/wp-json\/wp\/v2\/media?parent=2586"}],"wp:term":[{"taxonomy":"product_brand","embeddable":true,"href":"https:\/\/lismellow.com.br\/loja\/wp-json\/wp\/v2\/product_brand?post=2586"},{"taxonomy":"product_cat","embeddable":true,"href":"https:\/\/lismellow.com.br\/loja\/wp-json\/wp\/v2\/product_cat?post=2586"},{"taxonomy":"product_tag","embeddable":true,"href":"https:\/\/lismellow.com.br\/loja\/wp-json\/wp\/v2\/product_tag?post=2586"}],"curies":[{"name":"wp","href":"https:\/\/api.w.org\/{rel}","templated":true}]}}

<p>Amendoins rigorosamente selecionados e totalmente livres de aflatoxina e corpos estranhos. Produto rico em proteínas, 100% integral, vitaminas, lipídios, carboidratos e sais minerais. O amendoim é uma boa fonte de gordura monoinsaturada, fundamental para um coração saudável.</p>
<p>Ideal Para:<br />
Aplicação em buffets de sorvetes e milkshakes e em receitas de confeitaria como recheio, cobertura ou decoração de bolos, tortas e pães. Em chocolateria é utilizado como inclusão em recheios de chocolates, ovos de Páscoa, bombons, entre outros.</p>
<p>Informações Importantes:<br />
Este produto é embalado em atmosfera modificada para preservar suas características de sabor e mantê-lo crocante. Ainda fechado, manter em local seco e fresco. Depois de aberto, guardar bem fechado em local fresco e seco e consumir em até 15 dias.</p>
<p>Ingredientes:<br />
Amendoim.</p>
<p>ALÉRGICOS:<br />
CONTÉM AMENDOIM. PODE CONTER AMÊNDOA, AVELÃ, CASTANHA-DE-CAJU, CASTANHA-DO PARÁ, AVEIA, CENTEIO, CEVADA, TRIGO, LEITE E SOJA. CONTÉM GLÚTEN.</p>
<p>* Sem colesterol como todo produto de origem vegetal.</p>

<p>Amendoins rigorosamente selecionados e totalmente livres de aflatoxina e corpos estranhos. Produto rico em proteínas, 100% integral, vitaminas, lipídios, carboidratos e sais minerais. O amendoim é uma boa fonte de gordura monoinsaturada, fundamental para um coração saudável. Ideal Para: Aplicação em buffets de sorvetes e milkshakes e em receitas de confeitaria como recheio, cobertura ou [&hellip;]</p>
