{"id":2561,"date":"2025-10-29T14:42:58","date_gmt":"2025-10-29T14:42:58","guid":{"rendered":"https:\/\/lismellow.com.br\/loja\/?post_type=product&#038;p=2561"},"modified":"2025-12-01T20:49:03","modified_gmt":"2025-12-01T20:49:03","slug":"creme-de-avela-ritter-3kg","status":"publish","type":"product","link":"https:\/\/lismellow.com.br\/loja\/produto\/creme-de-avela-ritter-3kg\/","title":{"rendered":"Creme de Avel\u00e3 Ritter 3kg"},"content":{"rendered":"<p><b>INGREDIENTES:<\/b> A\u00c7\u00daCAR, \u00d3LEO DE GIRASSOL, CACAU EM P\u00d3, PASTA DE AVEL\u00c3, SORO DE LEITE EM P\u00d3, LEITE EM P\u00d3 DESNATADO, GORDURA VEGETAL HIDROGENADA, EMULSIFICANTES LECITINA E POLIGLICEROL POLIRRICINOLEATO E AROMATIZANTE. <b>CONT\u00c9M GL\u00daTEN*. CONT\u00c9M LACTOSE. \u00a0<br \/>AL\u00c9RGICOS: CONT\u00c9M DERIVADOS DE SOJA, LEITE E AVEL\u00c3S. PODE CONTER TRIGO, CENTEIO, CEVADA, AVEIA, OVOS, AMENDOIM, AM\u00caNDOA, CASTANHA-DE-CAJU E CASTANHA-DO-PAR\u00c1.<\/b> *PRODUTO COM TODOS OS INGREDIENTES NATURALMENTE SEM GL\u00daTEN, POR\u00c9M PRODUZIDO NO MESMO EQUIPAMENTO QUE PROCESSA ALIMENTOS COM GL\u00daTEN.<\/p>\n","protected":false},"excerpt":{"rendered":"<p>INGREDIENTES: A\u00c7\u00daCAR, \u00d3LEO DE GIRASSOL, CACAU EM P\u00d3, PASTA DE AVEL\u00c3, SORO DE LEITE EM P\u00d3, LEITE EM P\u00d3 DESNATADO, GORDURA VEGETAL HIDROGENADA, EMULSIFICANTES LECITINA E POLIGLICEROL POLIRRICINOLEATO E AROMATIZANTE. CONT\u00c9M GL\u00daTEN*. CONT\u00c9M LACTOSE. \u00a0AL\u00c9RGICOS: CONT\u00c9M DERIVADOS DE SOJA, LEITE E AVEL\u00c3S. PODE CONTER TRIGO, CENTEIO, CEVADA, AVEIA, OVOS, AMENDOIM, AM\u00caNDOA, CASTANHA-DE-CAJU E CASTANHA-DO-PAR\u00c1. *PRODUTO [&hellip;]<\/p>\n","protected":false},"featured_media":2555,"comment_status":"open","ping_status":"closed","template":"","meta":{"pagelayer_contact_templates":[],"_pagelayer_content":"","_joinchat":[]},"product_brand":[],"product_cat":[185,192],"product_tag":[],"class_list":{"0":"post-2561","1":"product","2":"type-product","3":"status-publish","4":"has-post-thumbnail","6":"product_cat-cremes-de-avela","7":"product_cat-ritter","9":"first","10":"outofstock","11":"shipping-taxable","12":"purchasable","13":"product-type-simple"},"_links":{"self":[{"href":"https:\/\/lismellow.com.br\/loja\/wp-json\/wp\/v2\/product\/2561","targetHints":{"allow":["GET"]}}],"collection":[{"href":"https:\/\/lismellow.com.br\/loja\/wp-json\/wp\/v2\/product"}],"about":[{"href":"https:\/\/lismellow.com.br\/loja\/wp-json\/wp\/v2\/types\/product"}],"replies":[{"embeddable":true,"href":"https:\/\/lismellow.com.br\/loja\/wp-json\/wp\/v2\/comments?post=2561"}],"wp:featuredmedia":[{"embeddable":true,"href":"https:\/\/lismellow.com.br\/loja\/wp-json\/wp\/v2\/media\/2555"}],"wp:attachment":[{"href":"https:\/\/lismellow.com.br\/loja\/wp-json\/wp\/v2\/media?parent=2561"}],"wp:term":[{"taxonomy":"product_brand","embeddable":true,"href":"https:\/\/lismellow.com.br\/loja\/wp-json\/wp\/v2\/product_brand?post=2561"},{"taxonomy":"product_cat","embeddable":true,"href":"https:\/\/lismellow.com.br\/loja\/wp-json\/wp\/v2\/product_cat?post=2561"},{"taxonomy":"product_tag","embeddable":true,"href":"https:\/\/lismellow.com.br\/loja\/wp-json\/wp\/v2\/product_tag?post=2561"}],"curies":[{"name":"wp","href":"https:\/\/api.w.org\/{rel}","templated":true}]}}

Creme de Avelã Ritter 3kg

<p><b>INGREDIENTES:</b> AÇÚCAR, ÓLEO DE GIRASSOL, CACAU EM PÓ, PASTA DE AVELÃ, SORO DE LEITE EM PÓ, LEITE EM PÓ DESNATADO, GORDURA VEGETAL HIDROGENADA, EMULSIFICANTES LECITINA E POLIGLICEROL POLIRRICINOLEATO E AROMATIZANTE. <b>CONTÉM GLÚTEN*. CONTÉM LACTOSE.  <br />ALÉRGICOS: CONTÉM DERIVADOS DE SOJA, LEITE E AVELÃS. PODE CONTER TRIGO, CENTEIO, CEVADA, AVEIA, OVOS, AMENDOIM, AMÊNDOA, CASTANHA-DE-CAJU E CASTANHA-DO-PARÁ.</b> *PRODUTO COM TODOS OS INGREDIENTES NATURALMENTE SEM GLÚTEN, PORÉM PRODUZIDO NO MESMO EQUIPAMENTO QUE PROCESSA ALIMENTOS COM GLÚTEN.</p>

<p>INGREDIENTES: AÇÚCAR, ÓLEO DE GIRASSOL, CACAU EM PÓ, PASTA DE AVELÃ, SORO DE LEITE EM PÓ, LEITE EM PÓ DESNATADO, GORDURA VEGETAL HIDROGENADA, EMULSIFICANTES LECITINA E POLIGLICEROL POLIRRICINOLEATO E AROMATIZANTE. CONTÉM GLÚTEN*. CONTÉM LACTOSE.  ALÉRGICOS: CONTÉM DERIVADOS DE SOJA, LEITE E AVELÃS. PODE CONTER TRIGO, CENTEIO, CEVADA, AVEIA, OVOS, AMENDOIM, AMÊNDOA, CASTANHA-DE-CAJU E CASTANHA-DO-PARÁ. *PRODUTO [&hellip;]</p>
