{"id":2557,"date":"2025-10-29T14:39:12","date_gmt":"2025-10-29T14:39:12","guid":{"rendered":"https:\/\/lismellow.com.br\/loja\/?post_type=product&#038;p=2557"},"modified":"2025-12-01T20:49:25","modified_gmt":"2025-12-01T20:49:25","slug":"creme-de-avela-zero-ritter-150g","status":"publish","type":"product","link":"https:\/\/lismellow.com.br\/loja\/produto\/creme-de-avela-zero-ritter-150g\/","title":{"rendered":"Creme de Avel\u00e3 Zero Ritter 150g"},"content":{"rendered":"<p>\u00c9 um produto zero a\u00e7\u00facar, rico em vitaminas e sem gl\u00faten. Gra\u00e7as \u00e0 sua contribui\u00e7\u00e3o de magn\u00e9sio, \u00e1cido f\u00f3lico e pot\u00e1ssio.<\/p>\n","protected":false},"excerpt":{"rendered":"<p>\u00c9 um produto zero a\u00e7\u00facar, rico em vitaminas e sem gl\u00faten. Gra\u00e7as \u00e0 sua contribui\u00e7\u00e3o de magn\u00e9sio, \u00e1cido f\u00f3lico e pot\u00e1ssio.<\/p>\n","protected":false},"featured_media":2554,"comment_status":"open","ping_status":"closed","template":"","meta":{"pagelayer_contact_templates":[],"_pagelayer_content":"","_joinchat":[]},"product_brand":[],"product_cat":[185,192],"product_tag":[],"class_list":{"0":"post-2557","1":"product","2":"type-product","3":"status-publish","4":"has-post-thumbnail","6":"product_cat-cremes-de-avela","7":"product_cat-ritter","9":"first","10":"outofstock","11":"shipping-taxable","12":"purchasable","13":"product-type-simple"},"_links":{"self":[{"href":"https:\/\/lismellow.com.br\/loja\/wp-json\/wp\/v2\/product\/2557","targetHints":{"allow":["GET"]}}],"collection":[{"href":"https:\/\/lismellow.com.br\/loja\/wp-json\/wp\/v2\/product"}],"about":[{"href":"https:\/\/lismellow.com.br\/loja\/wp-json\/wp\/v2\/types\/product"}],"replies":[{"embeddable":true,"href":"https:\/\/lismellow.com.br\/loja\/wp-json\/wp\/v2\/comments?post=2557"}],"wp:featuredmedia":[{"embeddable":true,"href":"https:\/\/lismellow.com.br\/loja\/wp-json\/wp\/v2\/media\/2554"}],"wp:attachment":[{"href":"https:\/\/lismellow.com.br\/loja\/wp-json\/wp\/v2\/media?parent=2557"}],"wp:term":[{"taxonomy":"product_brand","embeddable":true,"href":"https:\/\/lismellow.com.br\/loja\/wp-json\/wp\/v2\/product_brand?post=2557"},{"taxonomy":"product_cat","embeddable":true,"href":"https:\/\/lismellow.com.br\/loja\/wp-json\/wp\/v2\/product_cat?post=2557"},{"taxonomy":"product_tag","embeddable":true,"href":"https:\/\/lismellow.com.br\/loja\/wp-json\/wp\/v2\/product_tag?post=2557"}],"curies":[{"name":"wp","href":"https:\/\/api.w.org\/{rel}","templated":true}]}}