{"id":2533,"date":"2025-10-29T14:15:48","date_gmt":"2025-10-29T14:15:48","guid":{"rendered":"https:\/\/lismellow.com.br\/loja\/?post_type=product&#038;p=2533"},"modified":"2025-12-01T20:50:56","modified_gmt":"2025-12-01T20:50:56","slug":"base-saborizante-limao-galego-marvi-1kg","status":"publish","type":"product","link":"https:\/\/lismellow.com.br\/loja\/produto\/base-saborizante-limao-galego-marvi-1kg\/","title":{"rendered":"Base Saborizante Lim\u00e3o Galego Marvi 1kg"},"content":{"rendered":"<p><strong>DESCRI\u00c7\u00c3O<\/strong>: Sabor e Cor Sabor Lim\u00e3o Galelo para preparo de gelados comest\u00edveis.<\/p>\n<p><strong>DOSAGEM RECOMENDADA<\/strong>: 20g\/l de leite.<\/p>\n<p><strong>INGREDIENTES<\/strong>: A\u00e7\u00facar, amido de milho, sal, aromatizantes e antiumectante di\u00f3xido de silicio (INS551).<\/p>\n<p>N\u00e3o cont\u00e9m gl\u00faten.<\/p>\n<p><strong>Al\u00e9rgicos<\/strong>: Cont\u00e9m derivados de leite, cont\u00e9m lactose e pode conter derivado de soja.<\/p>\n<p>Cont\u00e9m aromatizantes sint\u00e9ticos id\u00eanticos ao natural colorido artificialmente.<\/p>\n<p>Garantia de f\u00e1brica: 12 meses<\/p>\n","protected":false},"excerpt":{"rendered":"<p>DESCRI\u00c7\u00c3O: Sabor e Cor Sabor Lim\u00e3o Galelo para preparo de gelados comest\u00edveis. DOSAGEM RECOMENDADA: 20g\/l de leite. INGREDIENTES: A\u00e7\u00facar, amido de milho, sal, aromatizantes e antiumectante di\u00f3xido de silicio (INS551). N\u00e3o cont\u00e9m gl\u00faten. Al\u00e9rgicos: Cont\u00e9m derivados de leite, cont\u00e9m lactose e pode conter derivado de soja. Cont\u00e9m aromatizantes sint\u00e9ticos id\u00eanticos ao natural colorido artificialmente. Garantia [&hellip;]<\/p>\n","protected":false},"featured_media":2526,"comment_status":"open","ping_status":"closed","template":"","meta":{"pagelayer_contact_templates":[],"_pagelayer_content":"","_joinchat":[]},"product_brand":[],"product_cat":[195,182],"product_tag":[],"class_list":{"0":"post-2533","1":"product","2":"type-product","3":"status-publish","4":"has-post-thumbnail","6":"product_cat-bases-saborizantes","7":"product_cat-marvi","9":"first","10":"outofstock","11":"shipping-taxable","12":"purchasable","13":"product-type-simple"},"_links":{"self":[{"href":"https:\/\/lismellow.com.br\/loja\/wp-json\/wp\/v2\/product\/2533","targetHints":{"allow":["GET"]}}],"collection":[{"href":"https:\/\/lismellow.com.br\/loja\/wp-json\/wp\/v2\/product"}],"about":[{"href":"https:\/\/lismellow.com.br\/loja\/wp-json\/wp\/v2\/types\/product"}],"replies":[{"embeddable":true,"href":"https:\/\/lismellow.com.br\/loja\/wp-json\/wp\/v2\/comments?post=2533"}],"wp:featuredmedia":[{"embeddable":true,"href":"https:\/\/lismellow.com.br\/loja\/wp-json\/wp\/v2\/media\/2526"}],"wp:attachment":[{"href":"https:\/\/lismellow.com.br\/loja\/wp-json\/wp\/v2\/media?parent=2533"}],"wp:term":[{"taxonomy":"product_brand","embeddable":true,"href":"https:\/\/lismellow.com.br\/loja\/wp-json\/wp\/v2\/product_brand?post=2533"},{"taxonomy":"product_cat","embeddable":true,"href":"https:\/\/lismellow.com.br\/loja\/wp-json\/wp\/v2\/product_cat?post=2533"},{"taxonomy":"product_tag","embeddable":true,"href":"https:\/\/lismellow.com.br\/loja\/wp-json\/wp\/v2\/product_tag?post=2533"}],"curies":[{"name":"wp","href":"https:\/\/api.w.org\/{rel}","templated":true}]}}