{"id":2435,"date":"2025-10-24T14:26:30","date_gmt":"2025-10-24T14:26:30","guid":{"rendered":"https:\/\/lismellow.com.br\/loja\/?post_type=product&#038;p=2435"},"modified":"2025-12-01T20:34:31","modified_gmt":"2025-12-01T20:34:31","slug":"variegato-leitinho-vabene-4kg","status":"publish","type":"product","link":"https:\/\/lismellow.com.br\/loja\/produto\/variegato-leitinho-vabene-4kg\/","title":{"rendered":"Variegato Leitinho Vabene 4kg"},"content":{"rendered":"<p>Variegato Leitinho Vabene \u00e9 uma pasta indicadas para Sorvetes, Milk Shakes, recheio para picol\u00e9s e paletas e entre outras receitas de sorveteria e confeitaria. A mescla \u00e9 composta por ingredientes ricos, se apresentam com uma textura macia, de sabor marcante e com brilho intenso. Possuem f\u00e1cil aplica\u00e7\u00e3o e n\u00e3o criam bolhas. Experimente! Voc\u00ea n\u00e3o ir\u00e1 se arrepender!<\/p>\n","protected":false},"excerpt":{"rendered":"<p>Variegato Leitinho Vabene \u00e9 uma pasta indicadas para Sorvetes, Milk Shakes, recheio para picol\u00e9s e paletas e entre outras receitas de sorveteria e confeitaria. A mescla \u00e9 composta por ingredientes ricos, se apresentam com uma textura macia, de sabor marcante e com brilho intenso. Possuem f\u00e1cil aplica\u00e7\u00e3o e n\u00e3o criam bolhas. Experimente! Voc\u00ea n\u00e3o ir\u00e1 [&hellip;]<\/p>\n","protected":false},"featured_media":2438,"comment_status":"open","ping_status":"closed","template":"","meta":{"pagelayer_contact_templates":[],"_pagelayer_content":"","_joinchat":[]},"product_brand":[],"product_cat":[184,183],"product_tag":[],"class_list":{"0":"post-2435","1":"product","2":"type-product","3":"status-publish","4":"has-post-thumbnail","6":"product_cat-vabene","7":"product_cat-variegatos","9":"first","10":"outofstock","11":"shipping-taxable","12":"purchasable","13":"product-type-simple"},"_links":{"self":[{"href":"https:\/\/lismellow.com.br\/loja\/wp-json\/wp\/v2\/product\/2435","targetHints":{"allow":["GET"]}}],"collection":[{"href":"https:\/\/lismellow.com.br\/loja\/wp-json\/wp\/v2\/product"}],"about":[{"href":"https:\/\/lismellow.com.br\/loja\/wp-json\/wp\/v2\/types\/product"}],"replies":[{"embeddable":true,"href":"https:\/\/lismellow.com.br\/loja\/wp-json\/wp\/v2\/comments?post=2435"}],"wp:featuredmedia":[{"embeddable":true,"href":"https:\/\/lismellow.com.br\/loja\/wp-json\/wp\/v2\/media\/2438"}],"wp:attachment":[{"href":"https:\/\/lismellow.com.br\/loja\/wp-json\/wp\/v2\/media?parent=2435"}],"wp:term":[{"taxonomy":"product_brand","embeddable":true,"href":"https:\/\/lismellow.com.br\/loja\/wp-json\/wp\/v2\/product_brand?post=2435"},{"taxonomy":"product_cat","embeddable":true,"href":"https:\/\/lismellow.com.br\/loja\/wp-json\/wp\/v2\/product_cat?post=2435"},{"taxonomy":"product_tag","embeddable":true,"href":"https:\/\/lismellow.com.br\/loja\/wp-json\/wp\/v2\/product_tag?post=2435"}],"curies":[{"name":"wp","href":"https:\/\/api.w.org\/{rel}","templated":true}]}}